n millions digit of 20964055?
2
What is the millions digit of 2114148?
2
What is the ten thousands digit of 30714?
3
What is the hundred thousands digit of 291738?
2
What is the millions digit of 20380764?
0
What is the tens digit of 120732?
3
What is the hundred thousands digit of 11540231?
5
What is the hundreds digit of 484297?
2
What is the units digit of 312736?
6
What is the ten thousands digit of 5351552?
5
What is the ten thousands digit of 1089228?
8
What is the ten thousands digit of 107198?
0
What is the thousands digit of 176856?
6
What is the ten thousands digit of 7912409?
1
What is the hundreds digit of 14161274?
2
What is the thousands digit of 3582489?
2
What is the ten thousands digit of 688158?
8
What is the hundreds digit of 2716353?
3
What is the thousands digit of 1103484?
3
What is the thousands digit of 898778?
8
What is the units digit of 143982?
2
What is the thousands digit of 57589?
7
What is the hundred thousands digit of 325286?
3
What is the ten thousands digit of 1105099?
0
What is the ten thousands digit of 19563645?
6
What is the hundreds digit of 17301730?
7
What is the millions digit of 7018716?
7
What is the tens digit of 58113?
1
What is the millions digit of 2771776?
2
What is the millions digit of 1146186?
1
What is the hundreds digit of 1657462?
4
What is the hundred thousands digit of 1158233?
1
What is the units digit of 9574473?
3
What is the thousands digit of 169447?
9
What is the hundreds digit of 211244?
2
What is the hundred thousands digit of 2155737?
1
What is the hundreds digit of 491957?
9
What is the tens digit of 322188?
8
What is the tens digit of 52684?
8
What is the units digit of 8609006?
6
What is the hundreds digit of 8278?
2
What is the units digit of 573220?
0
What is the thousands digit of 2013387?
3
What is the units digit of 885103?
3
What is the tens digit of 33427?
2
What is the millions digit of 2879320?
2
What is the units digit of 259259?
9
What is the ten thousands digit of 960869?
6
What is the hundreds digit of 169326?
3
What is the hundred thousands digit of 18865986?
8
What is the hundreds digit of 6410901?
9
What is the millions digit of 1428001?
1
What is the millions digit of 5785842?
5
What is the ten thousands digit of 424182?
2
What is the thousands digit of 907681?
7
What is the hundreds digit of 406118?
1
What is the thousands digit of 1487386?
7
What is the units digit of 1002011?
1
What is the hundred thousands digit of 17023736?
0
What is the thousands digit of 277803?
7
What is the hundred thousands digit of 128052?
1
What is the units digit of 255969?
9
What is the hundred thousands digit of 7212454?
2
What is the tens digit of 3752385?
8
What is the millions digit of 1135469?
1
What is the ten thousands digit of 5141913?
4
What is the tens digit of 24417770?
7
What is the hundreds digit of 120856?
8
What is the units digit of 1752984?
4
What is the thousands digit of 7252638?
2
What is the hundred thousands digit of 3123835?
1
What is the thousands digit of 373794?
3
What is the hundred thousands digit of 15228865?
2
What is the millions digit of 5292784?
5
What is the hundred thousands digit of 1350506?
3
What is the hundreds digit of 815940?
9
What is the hundreds digit of 4772371?
3
What is the hundred thousands digit of 2786043?
7
What is the thousands digit of 176732?
6
What is the hundred thousands digit of 11891509?
8
What is the millions digit of 2659961?
2
What is the hundred thousands digit of 1013714?
0
What is the thousands digit of 225350?
5
What is the hundreds digit of 2541623?
6
What is the tens digit of 445511?
1
What is the thousands digit of 1579037?
9
What is the units digit of 616599?
9
What is the units digit of 481807?
7
What is the units digit of 3477307?
7
What is the thousands digit of 8644017?
4
What is the hundreds digit of 1945086?
0
What is the hundreds digit of 1409975?
9
What is the units digit of 187607?
7
What is the units digit of 677826?
6
What is the tens digit of 85465?
6
What is the hundred thousands digit of 2630044?
6
What is the ten thousands digit of 289124?
8
What is the thousands digit of 11552075?
2
What is the tens digit of 26426?
2
What is the tens digit of 1017812?
1
What is the thousands digit of 227775?
7
What is the ten thousands digit of 2522517?
2
What is the hundreds digit of 2161018?
0
What is the millions digit of 26269422?
6
What is the units digit of 18780944?
4
What is the ten thousands digit of 10724981?
2
What is the ten thousands digit of 681478?
8
What is the thousands digit of 431669?
1
What is the tens digit of 259947?
4
What is the tens digit of 274263?
6
What is the tens digit of 728266?
6
What is the hundreds digit of 43741758?
7
What is the hundred thousands digit of 628895?
6
What is the thousands digit of 2426363?
6
What is the tens digit of 25523853?
5
What is the ten thousands digit of 30409733?
0
What is the thousands digit of 8284373?
4
What is the tens digit of 13617230?
3
What is the tens digit of 132355?
5
What is the ten thousands digit of 5474375?
7
What is the tens digit of 8242294?
9
What is the hundred thousands digit of 16461048?
4
What is the hundreds digit of 5063646?
6
What is the tens digit of 10784908?
0
What is the units digit of 327814?
4
What is the ten thousands digit of 144044?
4
What is the tens digit of 163560?
6
What is the units digit of 2817904?
4
What is the units digit of 667305?
5
What is the hundred thousands digit of 15186415?
1
What is the ten thousands digit of 131109?
3
What is the tens digit of 280129?
2
What is the tens digit of 369235?
3
What is the thousands digit of 2757190?
7
What is the hundreds digit of 208048?
0
What is the ten thousands digit of 2038692?
3
What is the hundreds digit of 247879?
8
What is the tens digit of 756276?
7
What is the thousands digit of 17102?
7
What is the hundreds digit of 2473886?
8
What is the hundred thousands digit of 210202?
2
What is the ten thousands digit of 1922907?
2
What is the thousands digit of 188482?
8
What is the millions digit of 3485251?
3
What is the hundred thousands digit of 36335311?
3
What is the hundreds digit of 11382472?
4
What is the millions digit of 7499652?
7
What is the hundreds digit of 39312831?
8
What is the hundreds digit of 73927?
9
What is the hundred thousands digit of 1947883?
9
What is the units digit of 3855303?
3
What is the ten thousands digit of 8745791?
4
What is the tens digit of 525203?
0
What is the units digit of 569875?
5
What is the units digit of 17620458?
8
What is the hundred thousands digit of 1629880?
6
What is the millions digit of 1891517?
1
What is the hundred thousands digit of 966704?
9
What is the hundreds digit of 3201581?
5
What is the thousands digit of 1054901?
4
What is the units digit of 2312724?
4
What is the tens digit of 444626?
2
What is the units digit of 1584343?
3
What is the tens digit of 2076021?
2
What is the millions digit of 11184877?
1
What is the tens digit of 2369733?
3
What is the hundreds digit of 775422?
4
What is the ten millions digit of 22510349?
2
What is the tens digit of 2251834?
3
What is the ten thousands digit of 8214142?
1
What is the hundred thousands digit of 561758?
5
What is the thousands digit of 10263086?
3
What is the hundreds digit of 4930852?
8
What is the hundreds digit of 159884?
8
What is the hundred thousands digit of 12692208?
6
What is the thousands digit of 14284913?
4
What is the thousands digit of 494885?
4
What is the ten thousands digit of 240726?
4
What is the ten thousands digit of 2778477?
7
What is the hundred thousands digit of 7499543?
4
What is the hundreds digit of 947919?
9
What is the ten thousands digit of 693880?
9
What is the ten thousands digit of 1347591?
4
What is the tens digit of 502358?
5
What is the tens digit of 149417?
1
What is the millions digit of 5841448?
5
What is the ten millions digit of 10114858?
1
What is the tens digit of 1801847?
4
What is the tens digit of 6422121?
2
What is the hundreds digit of 2464?
4
What is the tens digit of 132143?
4
What is the hundred thousands digit of 345092?
3
What is the thousands digit of 781085?
1
What is the ten thousands digit of 1113993?
1
What is the thousands digit of 4801702?
1
What is the thousands digit of 2039249?
9
What 